0?
90
What is the greatest common divisor of 46 and 1472?
46
Calculate the greatest common divisor of 740 and 20.
20
Calculate the greatest common divisor of 5 and 1270.
5
Calculate the highest common divisor of 23705 and 110.
55
What is the greatest common factor of 9 and 2007?
9
What is the greatest common factor of 56 and 12?
4
What is the greatest common factor of 581 and 462?
7
Calculate the highest common divisor of 261 and 145.
29
Calculate the greatest common factor of 63 and 36.
9
Calculate the highest common divisor of 792 and 120.
24
What is the highest common divisor of 4218 and 228?
114
What is the greatest common divisor of 242 and 847?
121
What is the greatest common factor of 96 and 12?
12
Calculate the greatest common divisor of 200 and 388.
4
Calculate the highest common divisor of 40 and 312.
8
What is the highest common factor of 3390 and 390?
30
Calculate the greatest common factor of 1 and 823.
1
Calculate the greatest common factor of 22 and 74118.
22
What is the highest common factor of 224 and 161?
7
Calculate the greatest common factor of 386 and 34.
2
What is the greatest common divisor of 1529 and 11?
11
What is the highest common divisor of 320 and 4240?
80
What is the greatest common factor of 95 and 57?
19
Calculate the highest common factor of 5454 and 108.
54
What is the highest common factor of 7 and 16?
1
What is the highest common divisor of 217 and 7?
7
What is the highest common factor of 6390 and 120?
30
What is the greatest common divisor of 333 and 9?
9
What is the highest common divisor of 28 and 7952?
28
Calculate the highest common factor of 72 and 990.
18
What is the greatest common divisor of 634 and 16801?
317
What is the greatest common divisor of 20 and 48?
4
Calculate the greatest common factor of 70 and 30.
10
Calculate the highest common divisor of 12 and 16.
4
Calculate the greatest common divisor of 594 and 324.
54
What is the greatest common divisor of 320 and 1290?
10
What is the highest common factor of 19 and 12217?
19
Calculate the highest common factor of 116 and 522.
58
What is the highest common divisor of 1541 and 23?
23
What is the highest common factor of 80 and 510?
10
What is the greatest common divisor of 470 and 658?
94
Calculate the highest common divisor of 75 and 325.
25
What is the greatest common factor of 520 and 160?
40
What is the greatest common divisor of 8 and 664?
8
Calculate the highest common factor of 15 and 160.
5
What is the greatest common factor of 1974 and 47?
47
Calculate the highest common factor of 20 and 160.
20
What is the highest common factor of 1470 and 615?
15
What is the highest common divisor of 109 and 4469?
109
What is the greatest common factor of 2987 and 29?
29
Calculate the greatest common divisor of 44 and 605.
11
Calculate the highest common divisor of 13 and 3133.
13
What is the highest common factor of 162 and 9?
9
Calculate the highest common factor of 639 and 923.
71
Calculate the greatest common divisor of 48 and 876.
12
Calculate the highest common factor of 71994 and 426.
426
What is the highest common factor of 1593 and 118?
59
What is the greatest common factor of 245 and 133?
7
What is the greatest common divisor of 9 and 1191?
3
What is the highest common divisor of 64 and 800?
32
Calculate the highest common factor of 126 and 9513.
63
Calculate the greatest common divisor of 2114 and 14.
14
Calculate the highest common factor of 144 and 16.
16
What is the greatest common factor of 243 and 1377?
81
What is the greatest common divisor of 83 and 1?
1
What is the greatest common divisor of 576 and 5346?
18
Calculate the highest common divisor of 113 and 5.
1
Calculate the highest common divisor of 2261 and 38.
19
Calculate the highest common divisor of 154 and 77.
77
Calculate the greatest common factor of 8450 and 150.
50
Calculate the greatest common divisor of 407 and 74.
37
Calculate the highest common divisor of 656 and 1886.
82
Calculate the highest common divisor of 98 and 3920.
98
What is the greatest common factor of 13622 and 834?
278
Calculate the greatest common divisor of 518 and 448.
14
Calculate the greatest common divisor of 8260 and 220.
20
Calculate the greatest common divisor of 76 and 20.
4
What is the highest common factor of 9 and 99?
9
What is the greatest common factor of 2278 and 3350?
134
Calculate the greatest common factor of 2548 and 2450.
98
Calculate the greatest common divisor of 525 and 42.
21
What is the highest common factor of 24 and 3498?
6
Calculate the greatest common divisor of 473 and 143.
11
What is the greatest common divisor of 1705 and 55?
55
Calculate the greatest common factor of 123 and 533.
41
What is the greatest common factor of 812 and 700?
28
What is the highest common divisor of 345 and 30?
15
Calculate the greatest common factor of 297 and 27.
27
Calculate the highest common divisor of 1353 and 165.
33
Calculate the greatest common factor of 170 and 1445.
85
What is the highest common factor of 136 and 4?
4
What is the highest common factor of 12024 and 216?
72
What is the highest common divisor of 31 and 279?
31
What is the highest common divisor of 225 and 25?
25
What is the greatest common divisor of 209 and 55?
11
Calculate the highest common factor of 60 and 1500.
60
What is the greatest common divisor of 184 and 736?
184
What is the greatest common divisor of 310 and 70?
10
Calculate the highest common factor of 5 and 205.
5
What is the highest common divisor of 32 and 320?
32
What is the highest common factor of 10027 and 222?
37
Calculate the highest common divisor of 260 and 20.
20
Calculate the greatest common divisor of 832 and 16432.
208
What is the highest common factor of 90 and 40?
10
What is the greatest common factor of 258 and 2666?
86
What is the greatest common factor of 85 and 16915?
85
What is the highest common factor of 1730 and 50?
10
What is the highest common factor of 1504 and 64?
32
What is the greatest common divisor of 57 and 20919?
57
Calculate the greatest common factor of 18 and 3042.
18
Calculate the highest common divisor of 1320 and 24.
24
What is the greatest common factor of 1128 and 48?
24
Calculate the highest common factor of 3094 and 34.
34
What is the highest common divisor of 1183 and 7?
7
Calculate the greatest common divisor of 817 and 437.
19
What is the greatest common factor of 988 and 156?
52
What is the highest common factor of 66 and 1749?
33
What is the greatest common divisor of 5360 and 10?
10
What is the greatest common divisor of 21 and 161?
7
Calculate the greatest common divisor of 16 and 1552.
16
Calculate the greatest common factor of 423 and 235.
47
What is the highest common divisor of 8 and 1396?
4
What is the highest common divisor of 82 and 22?
2
Calculate the highest common divisor of 620 and 80.
20
What is the highest common divisor of 36 and 504?
36
What is the highest common divisor of 480 and 660?
60
What is the greatest common divisor of 150 and 200?
50
What is the highest common divisor of 936 and 8?
8
What is the highest common factor of 32 and 544?
32
What is the greatest common divisor of 528 and 32?
16
What is the highest common divisor of 5 and 60?
5
Calculate the greatest common divisor of 1085 and 3472.
217
What is the highest common divisor of 48 and 34536?
24
What is the highest common factor of 25 and 86?
1
What is the highest common divisor of 612 and 96?
12
What is the highest common divisor of 5859 and 189?
189
What is the highest common factor of 256 and 180?
4
Calculate the greatest common divisor of 4768 and 96.
32
What is the highest common divisor of 889 and 5588?
127
What is the highest common factor of 1608 and 19698?
402
What is the highest common factor of 13008 and 48?
48
What is the highest common factor of 40 and 1310?
10
What is the highest common factor of 182 and 588?
14
Calculate the highest common divisor of 123 and 42.
3
What is the greatest common divisor of 259 and 111?
37
What is the greatest common factor of 125 and 1025?
25
What is the highest common factor of 1610 and 5?
5
What is the greatest common divisor of 589 and 247?
19
What is the highest common factor of 115 and 1035?
115
What is the greatest common divisor of 5822 and 71?
71
Calculate the highest commo